{"id":75,"date":"2025-05-24T12:00:56","date_gmt":"2025-05-24T16:00:56","guid":{"rendered":"https:\/\/optitest.ca\/francais\/?page_id=75"},"modified":"2025-05-24T12:05:06","modified_gmt":"2025-05-24T16:05:06","slug":"vos-gains","status":"publish","type":"page","link":"https:\/\/optitest.ca\/francais\/vos-gains\/","title":{"rendered":"Vos Gains"},"content":{"rendered":"<section class=\"bde-section-75-100 bde-section\">\n  \n  \n\t\n\n\n\n<div class=\"section-container\"><h1 class=\"bde-heading-75-102 bde-heading\">\nVOS GAINS\n<\/h1><\/div>\n<\/section><section class=\"bde-section-75-140 bde-section\">\n  \n  \n\t\n\n\n\n<div class=\"section-container\"><div class=\"bde-rich-text-75-141 bde-rich-text breakdance-rich-text-styles\">\n<ul><li id=\"u2876-3\" style=\"text-align: center;\"><h4 style=\"text-align: left;\"><span id=\"u2876-2\" class=\"TEXTE_DESCRIPTIF\">Obtenez un gain de productivit\u00e9 d\u2019au moins 3000$ annuellement pour chaque candidat recrut\u00e9 ayant r\u00e9ussi nos tests.<\/span><\/h4><\/li><li id=\"u2876-7\" style=\"text-align: left;\"><h4><span id=\"u2876-6\" class=\"TEXTE_DESCRIPTIF\">Identifiez en moins de 2 heures vos employ\u00e9s et candidats ayant un haut potentiel de performance technique.<\/span><\/h4><\/li><li id=\"u2876-11\" style=\"text-align: left;\"><h4><span id=\"u2876-10\" class=\"TEXTE_DESCRIPTIF\">Recrutez avec pr\u00e9cision dans un contexte de p\u00e9nurie de main-d\u2019\u0153uvre technique qualifi\u00e9e.<\/span><\/h4><\/li><li id=\"u2876-15\" style=\"text-align: left;\"><h4><span id=\"u2876-14\" class=\"TEXTE_DESCRIPTIF\">Optimisez la performance de vos lignes de production en confiant plus de responsabilit\u00e9s d\u2019entretien, de mise en course, de r\u00e9glage et de d\u00e9pannage \u00e0 vos op\u00e9rateurs.<\/span><\/h4><\/li><li id=\"u2876-19\" style=\"text-align: left;\"><h4><span id=\"u2876-18\" class=\"TEXTE_DESCRIPTIF\">Maximisez votre investissement en temps et en argent en assignant le bon employ\u00e9 \u00e0 la bonne place.<\/span><\/h4><\/li><li id=\"u2876-23\" style=\"text-align: left;\"><h4><span id=\"u2876-22\" class=\"TEXTE_DESCRIPTIF\">R\u00e9duisez la dur\u00e9e d\u2019arr\u00eat de vos \u00e9quipements et syst\u00e8mes.<\/span><\/h4><\/li><li id=\"u2876-27\" style=\"text-align: left;\"><h4><span id=\"u2876-26\" class=\"TEXTE_DESCRIPTIF\">Une s\u00e9lection de personnel technique apprenant jusqu\u2019\u00e0 50% plus rapidement.<\/span><\/h4><\/li><li id=\"u2876-31\" style=\"text-align: left;\"><h4><span id=\"u2876-30\" class=\"TEXTE_DESCRIPTIF\">Une s\u00e9lection de personnel technique entra\u00eenant une baisse jusqu\u2019\u00e0 50% du taux de roulement.<\/span><\/h4><\/li><li id=\"u2876-35\" style=\"text-align: left;\"><h4><span id=\"u2876-34\" class=\"TEXTE_DESCRIPTIF\">Une diminution des co\u00fbts du service d\u2019entretien en responsabilisant davantage leurs op\u00e9rateurs \u00e0 faire des r\u00e9glages, de l\u2019entretien de base et des d\u00e9pannages sur leurs \u00e9quipements.<\/span><\/h4><\/li><li style=\"text-align: center;\"><h4 style=\"text-align: left;\"><span id=\"u2876-38\" class=\"TEXTE_DESCRIPTIF\">Une s\u00e9lection de personnel technique performants, en nombre suffisant, gr\u00e2ce \u00e0 la possibilit\u00e9 d'all\u00e9ger sans risque les exigences scolaires et d'exp\u00e9rience \u00e0 l\u2019embauche.<\/span><\/h4><\/li><\/ul>\n<\/div><\/div>\n<\/section>","protected":false},"excerpt":{"rendered":"<p>VOS GAINS Obtenez un gain de productivit\u00e9 d\u2019au moins 3000$ annuellement pour chaque candidat recrut\u00e9 ayant r\u00e9ussi nos tests.Identifiez en moins de 2 heures vos employ\u00e9s et candidats ayant un haut potentiel de performance technique.Recrutez avec pr\u00e9cision dans un contexte de p\u00e9nurie de main-d\u2019\u0153uvre technique qualifi\u00e9e.Optimisez la performance de vos lignes de production en confiant [&hellip;]<\/p>\n","protected":false},"author":1,"featured_media":0,"parent":0,"menu_order":0,"comment_status":"closed","ping_status":"closed","template":"","meta":{"_breakdance_hide_in_design_set":false,"_breakdance_tags":"","footnotes":""},"class_list":["post-75","page","type-page","status-publish","hentry"],"yoast_head":"<!-- This site is optimized with the Yoast SEO plugin v27.4 - https:\/\/yoast.com\/product\/yoast-seo-wordpress\/ -->\n<title>Vos Gains - Optitest<\/title>\n<meta name=\"robots\" content=\"index, follow, max-snippet:-1, max-image-preview:large, max-video-preview:-1\" \/>\n<link rel=\"canonical\" href=\"https:\/\/optitest.ca\/francais\/vos-gains\/\" \/>\n<meta property=\"og:locale\" content=\"fr_CA\" \/>\n<meta property=\"og:type\" content=\"article\" \/>\n<meta property=\"og:title\" content=\"Vos Gains - Optitest\" \/>\n<meta property=\"og:description\" content=\"VOS GAINS Obtenez un gain de productivit\u00e9 d\u2019au moins 3000$ annuellement pour chaque candidat recrut\u00e9 ayant r\u00e9ussi nos tests.Identifiez en moins de 2 heures vos employ\u00e9s et candidats ayant un haut potentiel de performance technique.Recrutez avec pr\u00e9cision dans un contexte de p\u00e9nurie de main-d\u2019\u0153uvre technique qualifi\u00e9e.Optimisez la performance de vos lignes de production en confiant [&hellip;]\" \/>\n<meta property=\"og:url\" content=\"https:\/\/optitest.ca\/francais\/vos-gains\/\" \/>\n<meta property=\"og:site_name\" content=\"Optitest\" \/>\n<meta property=\"article:modified_time\" content=\"2025-05-24T16:05:06+00:00\" \/>\n<meta name=\"twitter:card\" content=\"summary_large_image\" \/>\n<script type=\"application\/ld+json\" class=\"yoast-schema-graph\">{\"@context\":\"https:\\\/\\\/schema.org\",\"@graph\":[{\"@type\":\"WebPage\",\"@id\":\"https:\\\/\\\/optitest.ca\\\/francais\\\/vos-gains\\\/\",\"url\":\"https:\\\/\\\/optitest.ca\\\/francais\\\/vos-gains\\\/\",\"name\":\"Vos Gains - Optitest\",\"isPartOf\":{\"@id\":\"https:\\\/\\\/optitest.ca\\\/francais\\\/#website\"},\"datePublished\":\"2025-05-24T16:00:56+00:00\",\"dateModified\":\"2025-05-24T16:05:06+00:00\",\"breadcrumb\":{\"@id\":\"https:\\\/\\\/optitest.ca\\\/francais\\\/vos-gains\\\/#breadcrumb\"},\"inLanguage\":\"fr-CA\",\"potentialAction\":[{\"@type\":\"ReadAction\",\"target\":[\"https:\\\/\\\/optitest.ca\\\/francais\\\/vos-gains\\\/\"]}]},{\"@type\":\"BreadcrumbList\",\"@id\":\"https:\\\/\\\/optitest.ca\\\/francais\\\/vos-gains\\\/#breadcrumb\",\"itemListElement\":[{\"@type\":\"ListItem\",\"position\":1,\"name\":\"Accueil\",\"item\":\"https:\\\/\\\/optitest.ca\\\/francais\\\/\"},{\"@type\":\"ListItem\",\"position\":2,\"name\":\"Vos Gains\"}]},{\"@type\":\"WebSite\",\"@id\":\"https:\\\/\\\/optitest.ca\\\/francais\\\/#website\",\"url\":\"https:\\\/\\\/optitest.ca\\\/francais\\\/\",\"name\":\"Optitest\",\"description\":\"\",\"publisher\":{\"@id\":\"https:\\\/\\\/optitest.ca\\\/francais\\\/#organization\"},\"potentialAction\":[{\"@type\":\"SearchAction\",\"target\":{\"@type\":\"EntryPoint\",\"urlTemplate\":\"https:\\\/\\\/optitest.ca\\\/francais\\\/?s={search_term_string}\"},\"query-input\":{\"@type\":\"PropertyValueSpecification\",\"valueRequired\":true,\"valueName\":\"search_term_string\"}}],\"inLanguage\":\"fr-CA\"},{\"@type\":\"Organization\",\"@id\":\"https:\\\/\\\/optitest.ca\\\/francais\\\/#organization\",\"name\":\"Optitest\",\"url\":\"https:\\\/\\\/optitest.ca\\\/francais\\\/\",\"logo\":{\"@type\":\"ImageObject\",\"inLanguage\":\"fr-CA\",\"@id\":\"https:\\\/\\\/optitest.ca\\\/francais\\\/#\\\/schema\\\/logo\\\/image\\\/\",\"url\":\"https:\\\/\\\/optitest.ca\\\/francais\\\/wp-content\\\/uploads\\\/2025\\\/05\\\/MiniOptitest.png\",\"contentUrl\":\"https:\\\/\\\/optitest.ca\\\/francais\\\/wp-content\\\/uploads\\\/2025\\\/05\\\/MiniOptitest.png\",\"width\":44,\"height\":44,\"caption\":\"Optitest\"},\"image\":{\"@id\":\"https:\\\/\\\/optitest.ca\\\/francais\\\/#\\\/schema\\\/logo\\\/image\\\/\"}}]}<\/script>\n<!-- \/ Yoast SEO plugin. -->","yoast_head_json":{"title":"Vos Gains - Optitest","robots":{"index":"index","follow":"follow","max-snippet":"max-snippet:-1","max-image-preview":"max-image-preview:large","max-video-preview":"max-video-preview:-1"},"canonical":"https:\/\/optitest.ca\/francais\/vos-gains\/","og_locale":"fr_CA","og_type":"article","og_title":"Vos Gains - Optitest","og_description":"VOS GAINS Obtenez un gain de productivit\u00e9 d\u2019au moins 3000$ annuellement pour chaque candidat recrut\u00e9 ayant r\u00e9ussi nos tests.Identifiez en moins de 2 heures vos employ\u00e9s et candidats ayant un haut potentiel de performance technique.Recrutez avec pr\u00e9cision dans un contexte de p\u00e9nurie de main-d\u2019\u0153uvre technique qualifi\u00e9e.Optimisez la performance de vos lignes de production en confiant [&hellip;]","og_url":"https:\/\/optitest.ca\/francais\/vos-gains\/","og_site_name":"Optitest","article_modified_time":"2025-05-24T16:05:06+00:00","twitter_card":"summary_large_image","schema":{"@context":"https:\/\/schema.org","@graph":[{"@type":"WebPage","@id":"https:\/\/optitest.ca\/francais\/vos-gains\/","url":"https:\/\/optitest.ca\/francais\/vos-gains\/","name":"Vos Gains - Optitest","isPartOf":{"@id":"https:\/\/optitest.ca\/francais\/#website"},"datePublished":"2025-05-24T16:00:56+00:00","dateModified":"2025-05-24T16:05:06+00:00","breadcrumb":{"@id":"https:\/\/optitest.ca\/francais\/vos-gains\/#breadcrumb"},"inLanguage":"fr-CA","potentialAction":[{"@type":"ReadAction","target":["https:\/\/optitest.ca\/francais\/vos-gains\/"]}]},{"@type":"BreadcrumbList","@id":"https:\/\/optitest.ca\/francais\/vos-gains\/#breadcrumb","itemListElement":[{"@type":"ListItem","position":1,"name":"Accueil","item":"https:\/\/optitest.ca\/francais\/"},{"@type":"ListItem","position":2,"name":"Vos Gains"}]},{"@type":"WebSite","@id":"https:\/\/optitest.ca\/francais\/#website","url":"https:\/\/optitest.ca\/francais\/","name":"Optitest","description":"","publisher":{"@id":"https:\/\/optitest.ca\/francais\/#organization"},"potentialAction":[{"@type":"SearchAction","target":{"@type":"EntryPoint","urlTemplate":"https:\/\/optitest.ca\/francais\/?s={search_term_string}"},"query-input":{"@type":"PropertyValueSpecification","valueRequired":true,"valueName":"search_term_string"}}],"inLanguage":"fr-CA"},{"@type":"Organization","@id":"https:\/\/optitest.ca\/francais\/#organization","name":"Optitest","url":"https:\/\/optitest.ca\/francais\/","logo":{"@type":"ImageObject","inLanguage":"fr-CA","@id":"https:\/\/optitest.ca\/francais\/#\/schema\/logo\/image\/","url":"https:\/\/optitest.ca\/francais\/wp-content\/uploads\/2025\/05\/MiniOptitest.png","contentUrl":"https:\/\/optitest.ca\/francais\/wp-content\/uploads\/2025\/05\/MiniOptitest.png","width":44,"height":44,"caption":"Optitest"},"image":{"@id":"https:\/\/optitest.ca\/francais\/#\/schema\/logo\/image\/"}}]}},"_links":{"self":[{"href":"https:\/\/optitest.ca\/francais\/wp-json\/wp\/v2\/pages\/75","targetHints":{"allow":["GET"]}}],"collection":[{"href":"https:\/\/optitest.ca\/francais\/wp-json\/wp\/v2\/pages"}],"about":[{"href":"https:\/\/optitest.ca\/francais\/wp-json\/wp\/v2\/types\/page"}],"author":[{"embeddable":true,"href":"https:\/\/optitest.ca\/francais\/wp-json\/wp\/v2\/users\/1"}],"replies":[{"embeddable":true,"href":"https:\/\/optitest.ca\/francais\/wp-json\/wp\/v2\/comments?post=75"}],"version-history":[{"count":2,"href":"https:\/\/optitest.ca\/francais\/wp-json\/wp\/v2\/pages\/75\/revisions"}],"predecessor-version":[{"id":77,"href":"https:\/\/optitest.ca\/francais\/wp-json\/wp\/v2\/pages\/75\/revisions\/77"}],"wp:attachment":[{"href":"https:\/\/optitest.ca\/francais\/wp-json\/wp\/v2\/media?parent=75"}],"curies":[{"name":"wp","href":"https:\/\/api.w.org\/{rel}","templated":true}]}}