{"id":79,"date":"2025-05-24T12:06:28","date_gmt":"2025-05-24T16:06:28","guid":{"rendered":"https:\/\/optitest.ca\/francais\/?page_id=79"},"modified":"2025-05-24T12:10:49","modified_gmt":"2025-05-24T16:10:49","slug":"validation","status":"publish","type":"page","link":"https:\/\/optitest.ca\/francais\/validation\/","title":{"rendered":"Validation"},"content":{"rendered":"<section class=\"bde-section-79-100 bde-section\">\n  \n  \n\t\n\n\n\n<div class=\"section-container\"><h1 class=\"bde-heading-79-102 bde-heading\">\nVALIDATION\n<\/h1><\/div>\n<\/section><section class=\"bde-section-79-144 bde-section\">\n  \n  \n\t\n\n\n\n<div class=\"section-container\"><h1 class=\"bde-heading-79-145 bde-heading\">\nPR\u00c9DICTIBILIT\u00c9 ET FIABILIT\u00c9 VALID\u00c9ES PAR PLUS DE 24 \u00c9TUDES CONDUITES PAR DES PSYCHOLOGUES INDUSTRIELS\n<\/h1><\/div>\n<\/section><section class=\"bde-section-79-140 bde-section\">\n  \n  \n\t\n\n\n\n<div class=\"section-container\"><div class=\"bde-rich-text-79-141 bde-rich-text breakdance-rich-text-styles\">\n<h6 id=\"u2107-2\" style=\"text-align: center;\"><span id=\"u2107\" class=\"TEXTE_DESCRIPTIF\">Nos tests d'aptitudes en m\u00e9canique et en d\u00e9pannage sont les plus utilis\u00e9s, les plus pr\u00e9cis et les plus pr\u00e9dictifs actuellement en usage de par le monde.<\/span><\/h6><h6 id=\"u2107-5\" style=\"text-align: center;\"><span id=\"u2107-4\" class=\"TEXTE_DESCRIPTIF\">Nos tests rencontrent toutes les exigences l\u00e9gales et scientifiques requises en Am\u00e9rique du Nord.<\/span><\/h6><h6 id=\"u2107-8\" style=\"text-align: center;\"><span id=\"u2107-7\" class=\"TEXTE_DESCRIPTIF\">Au cours des ann\u00e9es, de nombreuses \u00e9tudes de validation ont confirm\u00e9 la haute pr\u00e9dictibilit\u00e9 et fiabilit\u00e9 des r\u00e9sultats obtenus des tests administr\u00e9s avec le simulateur de mesure d\u2019aptitudes en m\u00e9canique <\/span><span id=\"u2107-9\" class=\"TEXTE_DESCRIPTIF\">et en d\u00e9pannage.<\/span><\/h6><h6 id=\"u2107-13\" style=\"text-align: center;\"><span id=\"u2107-12\" class=\"TEXTE_DESCRIPTIF\">Ces \u00e9tudes d\u00e9montrent un haut taux de corr\u00e9lation entre les r\u00e9sultats de ces tests et l\u2019\u00e9valuation de la performance au travail faite par les pairs et par la gestion.<\/span><\/h6><h6 id=\"u2107-16\" style=\"text-align: center;\"><em>La documentation scientifique de ces recherches est disponible sur demande.<\/em><\/h6>\n<\/div><\/div>\n<\/section>","protected":false},"excerpt":{"rendered":"<p>VALIDATION PR\u00c9DICTIBILIT\u00c9 ET FIABILIT\u00c9 VALID\u00c9ES PAR PLUS DE 24 \u00c9TUDES CONDUITES PAR DES PSYCHOLOGUES INDUSTRIELS Nos tests d&rsquo;aptitudes en m\u00e9canique et en d\u00e9pannage sont les plus utilis\u00e9s, les plus pr\u00e9cis et les plus pr\u00e9dictifs actuellement en usage de par le monde.Nos tests rencontrent toutes les exigences l\u00e9gales et scientifiques requises en Am\u00e9rique du Nord.Au cours [&hellip;]<\/p>\n","protected":false},"author":1,"featured_media":0,"parent":0,"menu_order":0,"comment_status":"closed","ping_status":"closed","template":"","meta":{"_breakdance_hide_in_design_set":false,"_breakdance_tags":"","footnotes":""},"class_list":["post-79","page","type-page","status-publish","hentry"],"yoast_head":"<!-- This site is optimized with the Yoast SEO plugin v27.4 - https:\/\/yoast.com\/product\/yoast-seo-wordpress\/ -->\n<title>Validation - Optitest<\/title>\n<meta name=\"robots\" content=\"index, follow, max-snippet:-1, max-image-preview:large, max-video-preview:-1\" \/>\n<link rel=\"canonical\" href=\"https:\/\/optitest.ca\/francais\/validation\/\" \/>\n<meta property=\"og:locale\" content=\"fr_CA\" \/>\n<meta property=\"og:type\" content=\"article\" \/>\n<meta property=\"og:title\" content=\"Validation - Optitest\" \/>\n<meta property=\"og:description\" content=\"VALIDATION PR\u00c9DICTIBILIT\u00c9 ET FIABILIT\u00c9 VALID\u00c9ES PAR PLUS DE 24 \u00c9TUDES CONDUITES PAR DES PSYCHOLOGUES INDUSTRIELS Nos tests d&#039;aptitudes en m\u00e9canique et en d\u00e9pannage sont les plus utilis\u00e9s, les plus pr\u00e9cis et les plus pr\u00e9dictifs actuellement en usage de par le monde.Nos tests rencontrent toutes les exigences l\u00e9gales et scientifiques requises en Am\u00e9rique du Nord.Au cours [&hellip;]\" \/>\n<meta property=\"og:url\" content=\"https:\/\/optitest.ca\/francais\/validation\/\" \/>\n<meta property=\"og:site_name\" content=\"Optitest\" \/>\n<meta property=\"article:modified_time\" content=\"2025-05-24T16:10:49+00:00\" \/>\n<meta name=\"twitter:card\" content=\"summary_large_image\" \/>\n<script type=\"application\/ld+json\" class=\"yoast-schema-graph\">{\"@context\":\"https:\\\/\\\/schema.org\",\"@graph\":[{\"@type\":\"WebPage\",\"@id\":\"https:\\\/\\\/optitest.ca\\\/francais\\\/validation\\\/\",\"url\":\"https:\\\/\\\/optitest.ca\\\/francais\\\/validation\\\/\",\"name\":\"Validation - Optitest\",\"isPartOf\":{\"@id\":\"https:\\\/\\\/optitest.ca\\\/francais\\\/#website\"},\"datePublished\":\"2025-05-24T16:06:28+00:00\",\"dateModified\":\"2025-05-24T16:10:49+00:00\",\"breadcrumb\":{\"@id\":\"https:\\\/\\\/optitest.ca\\\/francais\\\/validation\\\/#breadcrumb\"},\"inLanguage\":\"fr-CA\",\"potentialAction\":[{\"@type\":\"ReadAction\",\"target\":[\"https:\\\/\\\/optitest.ca\\\/francais\\\/validation\\\/\"]}]},{\"@type\":\"BreadcrumbList\",\"@id\":\"https:\\\/\\\/optitest.ca\\\/francais\\\/validation\\\/#breadcrumb\",\"itemListElement\":[{\"@type\":\"ListItem\",\"position\":1,\"name\":\"Accueil\",\"item\":\"https:\\\/\\\/optitest.ca\\\/francais\\\/\"},{\"@type\":\"ListItem\",\"position\":2,\"name\":\"Validation\"}]},{\"@type\":\"WebSite\",\"@id\":\"https:\\\/\\\/optitest.ca\\\/francais\\\/#website\",\"url\":\"https:\\\/\\\/optitest.ca\\\/francais\\\/\",\"name\":\"Optitest\",\"description\":\"\",\"publisher\":{\"@id\":\"https:\\\/\\\/optitest.ca\\\/francais\\\/#organization\"},\"potentialAction\":[{\"@type\":\"SearchAction\",\"target\":{\"@type\":\"EntryPoint\",\"urlTemplate\":\"https:\\\/\\\/optitest.ca\\\/francais\\\/?s={search_term_string}\"},\"query-input\":{\"@type\":\"PropertyValueSpecification\",\"valueRequired\":true,\"valueName\":\"search_term_string\"}}],\"inLanguage\":\"fr-CA\"},{\"@type\":\"Organization\",\"@id\":\"https:\\\/\\\/optitest.ca\\\/francais\\\/#organization\",\"name\":\"Optitest\",\"url\":\"https:\\\/\\\/optitest.ca\\\/francais\\\/\",\"logo\":{\"@type\":\"ImageObject\",\"inLanguage\":\"fr-CA\",\"@id\":\"https:\\\/\\\/optitest.ca\\\/francais\\\/#\\\/schema\\\/logo\\\/image\\\/\",\"url\":\"https:\\\/\\\/optitest.ca\\\/francais\\\/wp-content\\\/uploads\\\/2025\\\/05\\\/MiniOptitest.png\",\"contentUrl\":\"https:\\\/\\\/optitest.ca\\\/francais\\\/wp-content\\\/uploads\\\/2025\\\/05\\\/MiniOptitest.png\",\"width\":44,\"height\":44,\"caption\":\"Optitest\"},\"image\":{\"@id\":\"https:\\\/\\\/optitest.ca\\\/francais\\\/#\\\/schema\\\/logo\\\/image\\\/\"}}]}<\/script>\n<!-- \/ Yoast SEO plugin. -->","yoast_head_json":{"title":"Validation - Optitest","robots":{"index":"index","follow":"follow","max-snippet":"max-snippet:-1","max-image-preview":"max-image-preview:large","max-video-preview":"max-video-preview:-1"},"canonical":"https:\/\/optitest.ca\/francais\/validation\/","og_locale":"fr_CA","og_type":"article","og_title":"Validation - Optitest","og_description":"VALIDATION PR\u00c9DICTIBILIT\u00c9 ET FIABILIT\u00c9 VALID\u00c9ES PAR PLUS DE 24 \u00c9TUDES CONDUITES PAR DES PSYCHOLOGUES INDUSTRIELS Nos tests d'aptitudes en m\u00e9canique et en d\u00e9pannage sont les plus utilis\u00e9s, les plus pr\u00e9cis et les plus pr\u00e9dictifs actuellement en usage de par le monde.Nos tests rencontrent toutes les exigences l\u00e9gales et scientifiques requises en Am\u00e9rique du Nord.Au cours [&hellip;]","og_url":"https:\/\/optitest.ca\/francais\/validation\/","og_site_name":"Optitest","article_modified_time":"2025-05-24T16:10:49+00:00","twitter_card":"summary_large_image","schema":{"@context":"https:\/\/schema.org","@graph":[{"@type":"WebPage","@id":"https:\/\/optitest.ca\/francais\/validation\/","url":"https:\/\/optitest.ca\/francais\/validation\/","name":"Validation - Optitest","isPartOf":{"@id":"https:\/\/optitest.ca\/francais\/#website"},"datePublished":"2025-05-24T16:06:28+00:00","dateModified":"2025-05-24T16:10:49+00:00","breadcrumb":{"@id":"https:\/\/optitest.ca\/francais\/validation\/#breadcrumb"},"inLanguage":"fr-CA","potentialAction":[{"@type":"ReadAction","target":["https:\/\/optitest.ca\/francais\/validation\/"]}]},{"@type":"BreadcrumbList","@id":"https:\/\/optitest.ca\/francais\/validation\/#breadcrumb","itemListElement":[{"@type":"ListItem","position":1,"name":"Accueil","item":"https:\/\/optitest.ca\/francais\/"},{"@type":"ListItem","position":2,"name":"Validation"}]},{"@type":"WebSite","@id":"https:\/\/optitest.ca\/francais\/#website","url":"https:\/\/optitest.ca\/francais\/","name":"Optitest","description":"","publisher":{"@id":"https:\/\/optitest.ca\/francais\/#organization"},"potentialAction":[{"@type":"SearchAction","target":{"@type":"EntryPoint","urlTemplate":"https:\/\/optitest.ca\/francais\/?s={search_term_string}"},"query-input":{"@type":"PropertyValueSpecification","valueRequired":true,"valueName":"search_term_string"}}],"inLanguage":"fr-CA"},{"@type":"Organization","@id":"https:\/\/optitest.ca\/francais\/#organization","name":"Optitest","url":"https:\/\/optitest.ca\/francais\/","logo":{"@type":"ImageObject","inLanguage":"fr-CA","@id":"https:\/\/optitest.ca\/francais\/#\/schema\/logo\/image\/","url":"https:\/\/optitest.ca\/francais\/wp-content\/uploads\/2025\/05\/MiniOptitest.png","contentUrl":"https:\/\/optitest.ca\/francais\/wp-content\/uploads\/2025\/05\/MiniOptitest.png","width":44,"height":44,"caption":"Optitest"},"image":{"@id":"https:\/\/optitest.ca\/francais\/#\/schema\/logo\/image\/"}}]}},"_links":{"self":[{"href":"https:\/\/optitest.ca\/francais\/wp-json\/wp\/v2\/pages\/79","targetHints":{"allow":["GET"]}}],"collection":[{"href":"https:\/\/optitest.ca\/francais\/wp-json\/wp\/v2\/pages"}],"about":[{"href":"https:\/\/optitest.ca\/francais\/wp-json\/wp\/v2\/types\/page"}],"author":[{"embeddable":true,"href":"https:\/\/optitest.ca\/francais\/wp-json\/wp\/v2\/users\/1"}],"replies":[{"embeddable":true,"href":"https:\/\/optitest.ca\/francais\/wp-json\/wp\/v2\/comments?post=79"}],"version-history":[{"count":2,"href":"https:\/\/optitest.ca\/francais\/wp-json\/wp\/v2\/pages\/79\/revisions"}],"predecessor-version":[{"id":81,"href":"https:\/\/optitest.ca\/francais\/wp-json\/wp\/v2\/pages\/79\/revisions\/81"}],"wp:attachment":[{"href":"https:\/\/optitest.ca\/francais\/wp-json\/wp\/v2\/media?parent=79"}],"curies":[{"name":"wp","href":"https:\/\/api.w.org\/{rel}","templated":true}]}}