{"id":94,"date":"2025-05-24T12:39:49","date_gmt":"2025-05-24T16:39:49","guid":{"rendered":"https:\/\/optitest.ca\/francais\/?page_id=94"},"modified":"2025-05-24T12:40:53","modified_gmt":"2025-05-24T16:40:53","slug":"notre-engagement","status":"publish","type":"page","link":"https:\/\/optitest.ca\/francais\/notre-engagement\/","title":{"rendered":"Notre engagement"},"content":{"rendered":"<section class=\"bde-section-94-100 bde-section\">\n  \n  \n\t\n\n\n\n<div class=\"section-container\"><h1 class=\"bde-heading-94-102 bde-heading\">\nNOTRE ENGAGEMENT\n<\/h1><\/div>\n<\/section><section class=\"bde-section-94-140 bde-section\">\n  \n  \n\t\n\n\n\n<div class=\"section-container\"><div class=\"bde-rich-text-94-141 bde-rich-text breakdance-rich-text-styles\">\n<p id=\"u3445-5\"><span id=\"u3445-4\" class=\"TEXTE_DESCRIPTIF\">Nous nous engageons envers nos partenaires d\u2019affaires \u00e0 livrer des strat\u00e9gies et des solutions qui sont adapt\u00e9es, innovatrices et performantes. Avec attention et rigueur, nous soutenons des relations d\u2019affaires durables, bas\u00e9es sur la confiance et l\u2019atteinte de r\u00e9sultats concluants.<\/span><\/p><p id=\"u3445-8\" class=\"paragraph\"><span id=\"u3445-7\" class=\"TEXTE_DESCRIPTIF\">Fort d\u2019une longue exp\u00e9rience, nous poss\u00e9dons une expertise unique en gestion des op\u00e9rations, de la maintenance et des ressources humaines.<\/span><\/p><p>\u00a0<\/p>\n<\/div><\/div>\n<\/section>","protected":false},"excerpt":{"rendered":"<p>NOTRE ENGAGEMENT Nous nous engageons envers nos partenaires d\u2019affaires \u00e0 livrer des strat\u00e9gies et des solutions qui sont adapt\u00e9es, innovatrices et performantes. Avec attention et rigueur, nous soutenons des relations d\u2019affaires durables, bas\u00e9es sur la confiance et l\u2019atteinte de r\u00e9sultats concluants.Fort d\u2019une longue exp\u00e9rience, nous poss\u00e9dons une expertise unique en gestion des op\u00e9rations, de la [&hellip;]<\/p>\n","protected":false},"author":1,"featured_media":0,"parent":0,"menu_order":0,"comment_status":"closed","ping_status":"closed","template":"","meta":{"_breakdance_hide_in_design_set":false,"_breakdance_tags":"","footnotes":""},"class_list":["post-94","page","type-page","status-publish","hentry"],"yoast_head":"<!-- This site is optimized with the Yoast SEO plugin v27.4 - https:\/\/yoast.com\/product\/yoast-seo-wordpress\/ -->\n<title>Notre engagement - Optitest<\/title>\n<meta name=\"robots\" content=\"index, follow, max-snippet:-1, max-image-preview:large, max-video-preview:-1\" \/>\n<link rel=\"canonical\" href=\"https:\/\/optitest.ca\/francais\/notre-engagement\/\" \/>\n<meta property=\"og:locale\" content=\"fr_CA\" \/>\n<meta property=\"og:type\" content=\"article\" \/>\n<meta property=\"og:title\" content=\"Notre engagement - Optitest\" \/>\n<meta property=\"og:description\" content=\"NOTRE ENGAGEMENT Nous nous engageons envers nos partenaires d\u2019affaires \u00e0 livrer des strat\u00e9gies et des solutions qui sont adapt\u00e9es, innovatrices et performantes. Avec attention et rigueur, nous soutenons des relations d\u2019affaires durables, bas\u00e9es sur la confiance et l\u2019atteinte de r\u00e9sultats concluants.Fort d\u2019une longue exp\u00e9rience, nous poss\u00e9dons une expertise unique en gestion des op\u00e9rations, de la [&hellip;]\" \/>\n<meta property=\"og:url\" content=\"https:\/\/optitest.ca\/francais\/notre-engagement\/\" \/>\n<meta property=\"og:site_name\" content=\"Optitest\" \/>\n<meta property=\"article:modified_time\" content=\"2025-05-24T16:40:53+00:00\" \/>\n<meta name=\"twitter:card\" content=\"summary_large_image\" \/>\n<script type=\"application\/ld+json\" class=\"yoast-schema-graph\">{\"@context\":\"https:\\\/\\\/schema.org\",\"@graph\":[{\"@type\":\"WebPage\",\"@id\":\"https:\\\/\\\/optitest.ca\\\/francais\\\/notre-engagement\\\/\",\"url\":\"https:\\\/\\\/optitest.ca\\\/francais\\\/notre-engagement\\\/\",\"name\":\"Notre engagement - Optitest\",\"isPartOf\":{\"@id\":\"https:\\\/\\\/optitest.ca\\\/francais\\\/#website\"},\"datePublished\":\"2025-05-24T16:39:49+00:00\",\"dateModified\":\"2025-05-24T16:40:53+00:00\",\"breadcrumb\":{\"@id\":\"https:\\\/\\\/optitest.ca\\\/francais\\\/notre-engagement\\\/#breadcrumb\"},\"inLanguage\":\"fr-CA\",\"potentialAction\":[{\"@type\":\"ReadAction\",\"target\":[\"https:\\\/\\\/optitest.ca\\\/francais\\\/notre-engagement\\\/\"]}]},{\"@type\":\"BreadcrumbList\",\"@id\":\"https:\\\/\\\/optitest.ca\\\/francais\\\/notre-engagement\\\/#breadcrumb\",\"itemListElement\":[{\"@type\":\"ListItem\",\"position\":1,\"name\":\"Accueil\",\"item\":\"https:\\\/\\\/optitest.ca\\\/francais\\\/\"},{\"@type\":\"ListItem\",\"position\":2,\"name\":\"Notre engagement\"}]},{\"@type\":\"WebSite\",\"@id\":\"https:\\\/\\\/optitest.ca\\\/francais\\\/#website\",\"url\":\"https:\\\/\\\/optitest.ca\\\/francais\\\/\",\"name\":\"Optitest\",\"description\":\"\",\"publisher\":{\"@id\":\"https:\\\/\\\/optitest.ca\\\/francais\\\/#organization\"},\"potentialAction\":[{\"@type\":\"SearchAction\",\"target\":{\"@type\":\"EntryPoint\",\"urlTemplate\":\"https:\\\/\\\/optitest.ca\\\/francais\\\/?s={search_term_string}\"},\"query-input\":{\"@type\":\"PropertyValueSpecification\",\"valueRequired\":true,\"valueName\":\"search_term_string\"}}],\"inLanguage\":\"fr-CA\"},{\"@type\":\"Organization\",\"@id\":\"https:\\\/\\\/optitest.ca\\\/francais\\\/#organization\",\"name\":\"Optitest\",\"url\":\"https:\\\/\\\/optitest.ca\\\/francais\\\/\",\"logo\":{\"@type\":\"ImageObject\",\"inLanguage\":\"fr-CA\",\"@id\":\"https:\\\/\\\/optitest.ca\\\/francais\\\/#\\\/schema\\\/logo\\\/image\\\/\",\"url\":\"https:\\\/\\\/optitest.ca\\\/francais\\\/wp-content\\\/uploads\\\/2025\\\/05\\\/MiniOptitest.png\",\"contentUrl\":\"https:\\\/\\\/optitest.ca\\\/francais\\\/wp-content\\\/uploads\\\/2025\\\/05\\\/MiniOptitest.png\",\"width\":44,\"height\":44,\"caption\":\"Optitest\"},\"image\":{\"@id\":\"https:\\\/\\\/optitest.ca\\\/francais\\\/#\\\/schema\\\/logo\\\/image\\\/\"}}]}<\/script>\n<!-- \/ Yoast SEO plugin. -->","yoast_head_json":{"title":"Notre engagement - Optitest","robots":{"index":"index","follow":"follow","max-snippet":"max-snippet:-1","max-image-preview":"max-image-preview:large","max-video-preview":"max-video-preview:-1"},"canonical":"https:\/\/optitest.ca\/francais\/notre-engagement\/","og_locale":"fr_CA","og_type":"article","og_title":"Notre engagement - Optitest","og_description":"NOTRE ENGAGEMENT Nous nous engageons envers nos partenaires d\u2019affaires \u00e0 livrer des strat\u00e9gies et des solutions qui sont adapt\u00e9es, innovatrices et performantes. Avec attention et rigueur, nous soutenons des relations d\u2019affaires durables, bas\u00e9es sur la confiance et l\u2019atteinte de r\u00e9sultats concluants.Fort d\u2019une longue exp\u00e9rience, nous poss\u00e9dons une expertise unique en gestion des op\u00e9rations, de la [&hellip;]","og_url":"https:\/\/optitest.ca\/francais\/notre-engagement\/","og_site_name":"Optitest","article_modified_time":"2025-05-24T16:40:53+00:00","twitter_card":"summary_large_image","schema":{"@context":"https:\/\/schema.org","@graph":[{"@type":"WebPage","@id":"https:\/\/optitest.ca\/francais\/notre-engagement\/","url":"https:\/\/optitest.ca\/francais\/notre-engagement\/","name":"Notre engagement - Optitest","isPartOf":{"@id":"https:\/\/optitest.ca\/francais\/#website"},"datePublished":"2025-05-24T16:39:49+00:00","dateModified":"2025-05-24T16:40:53+00:00","breadcrumb":{"@id":"https:\/\/optitest.ca\/francais\/notre-engagement\/#breadcrumb"},"inLanguage":"fr-CA","potentialAction":[{"@type":"ReadAction","target":["https:\/\/optitest.ca\/francais\/notre-engagement\/"]}]},{"@type":"BreadcrumbList","@id":"https:\/\/optitest.ca\/francais\/notre-engagement\/#breadcrumb","itemListElement":[{"@type":"ListItem","position":1,"name":"Accueil","item":"https:\/\/optitest.ca\/francais\/"},{"@type":"ListItem","position":2,"name":"Notre engagement"}]},{"@type":"WebSite","@id":"https:\/\/optitest.ca\/francais\/#website","url":"https:\/\/optitest.ca\/francais\/","name":"Optitest","description":"","publisher":{"@id":"https:\/\/optitest.ca\/francais\/#organization"},"potentialAction":[{"@type":"SearchAction","target":{"@type":"EntryPoint","urlTemplate":"https:\/\/optitest.ca\/francais\/?s={search_term_string}"},"query-input":{"@type":"PropertyValueSpecification","valueRequired":true,"valueName":"search_term_string"}}],"inLanguage":"fr-CA"},{"@type":"Organization","@id":"https:\/\/optitest.ca\/francais\/#organization","name":"Optitest","url":"https:\/\/optitest.ca\/francais\/","logo":{"@type":"ImageObject","inLanguage":"fr-CA","@id":"https:\/\/optitest.ca\/francais\/#\/schema\/logo\/image\/","url":"https:\/\/optitest.ca\/francais\/wp-content\/uploads\/2025\/05\/MiniOptitest.png","contentUrl":"https:\/\/optitest.ca\/francais\/wp-content\/uploads\/2025\/05\/MiniOptitest.png","width":44,"height":44,"caption":"Optitest"},"image":{"@id":"https:\/\/optitest.ca\/francais\/#\/schema\/logo\/image\/"}}]}},"_links":{"self":[{"href":"https:\/\/optitest.ca\/francais\/wp-json\/wp\/v2\/pages\/94","targetHints":{"allow":["GET"]}}],"collection":[{"href":"https:\/\/optitest.ca\/francais\/wp-json\/wp\/v2\/pages"}],"about":[{"href":"https:\/\/optitest.ca\/francais\/wp-json\/wp\/v2\/types\/page"}],"author":[{"embeddable":true,"href":"https:\/\/optitest.ca\/francais\/wp-json\/wp\/v2\/users\/1"}],"replies":[{"embeddable":true,"href":"https:\/\/optitest.ca\/francais\/wp-json\/wp\/v2\/comments?post=94"}],"version-history":[{"count":2,"href":"https:\/\/optitest.ca\/francais\/wp-json\/wp\/v2\/pages\/94\/revisions"}],"predecessor-version":[{"id":96,"href":"https:\/\/optitest.ca\/francais\/wp-json\/wp\/v2\/pages\/94\/revisions\/96"}],"wp:attachment":[{"href":"https:\/\/optitest.ca\/francais\/wp-json\/wp\/v2\/media?parent=94"}],"curies":[{"name":"wp","href":"https:\/\/api.w.org\/{rel}","templated":true}]}}